[INFO] fetching crate harperdb 1.0.0...
[INFO] building harperdb-1.0.0 against master#ff34b919075f35a1787659e9c448a34b06bab8de for issue-85264
[INFO] extracting crate harperdb 1.0.0 into /workspace/builds/worker-3/source
[INFO] validating manifest of crates.io crate harperdb 1.0.0 on toolchain ff34b919075f35a1787659e9c448a34b06bab8de
[INFO] running `Command { std: "/workspace/cargo-home/bin/cargo" "+ff34b919075f35a1787659e9c448a34b06bab8de" "metadata" "--manifest-path" "Cargo.toml" "--no-deps", kill_on_drop: false }`
[INFO] started tweaking crates.io crate harperdb 1.0.0
[INFO] finished tweaking crates.io crate harperdb 1.0.0
[INFO] tweaked toml for crates.io crate harperdb 1.0.0 written to /workspace/builds/worker-3/source/Cargo.toml
[INFO] crate crates.io crate harperdb 1.0.0 already has a lockfile, it will not be regenerated
[INFO] running `Command { std: "/workspace/cargo-home/bin/cargo" "+ff34b919075f35a1787659e9c448a34b06bab8de" "fetch" "--manifest-path" "Cargo.toml", kill_on_drop: false }`
[INFO] running `Command { std: "docker" "create" "-v" "/var/lib/crater-agent-workspace/builds/worker-3/target:/opt/rustwide/target:rw,Z" "-v" "/var/lib/crater-agent-workspace/builds/worker-3/source:/opt/rustwide/workdir:ro,Z" "-v" "/var/lib/crater-agent-workspace/cargo-home:/opt/rustwide/cargo-home:ro,Z" "-v" "/var/lib/crater-agent-workspace/rustup-home:/opt/rustwide/rustup-home:ro,Z" "-e" "SOURCE_DIR=/opt/rustwide/workdir" "-e" "CARGO_TARGET_DIR=/opt/rustwide/target" "-e" "CARGO_HOME=/opt/rustwide/cargo-home" "-e" "RUSTUP_HOME=/opt/rustwide/rustup-home" "-w" "/opt/rustwide/workdir" "-m" "1610612736" "--user" "0:0" "--network" "none" "ghcr.io/rust-lang/crates-build-env/linux@sha256:20528e8c29e4536546f0102ce88568b16ea7538393a33fcca951030f7af10457" "/opt/rustwide/cargo-home/bin/cargo" "+ff34b919075f35a1787659e9c448a34b06bab8de" "metadata" "--no-deps" "--format-version=1", kill_on_drop: false }`
[INFO] [stdout] 7d28f01de118896cc039ecf0056b76aa4e5d3ac37add19ec3bdf439ee7a0f039
[INFO] [stderr] WARNING: Your kernel does not support swap limit capabilities or the cgroup is not mounted. Memory limited without swap.
[INFO] running `Command { std: "docker" "start" "-a" "7d28f01de118896cc039ecf0056b76aa4e5d3ac37add19ec3bdf439ee7a0f039", kill_on_drop: false }`
[INFO] running `Command { std: "docker" "inspect" "7d28f01de118896cc039ecf0056b76aa4e5d3ac37add19ec3bdf439ee7a0f039", kill_on_drop: false }`
[INFO] running `Command { std: "docker" "rm" "-f" "7d28f01de118896cc039ecf0056b76aa4e5d3ac37add19ec3bdf439ee7a0f039", kill_on_drop: false }`
[INFO] [stdout] 7d28f01de118896cc039ecf0056b76aa4e5d3ac37add19ec3bdf439ee7a0f039
[INFO] running `Command { std: "docker" "create" "-v" "/var/lib/crater-agent-workspace/builds/worker-3/target:/opt/rustwide/target:rw,Z" "-v" "/var/lib/crater-agent-workspace/builds/worker-3/source:/opt/rustwide/workdir:ro,Z" "-v" "/var/lib/crater-agent-workspace/cargo-home:/opt/rustwide/cargo-home:ro,Z" "-v" "/var/lib/crater-agent-workspace/rustup-home:/opt/rustwide/rustup-home:ro,Z" "-e" "SOURCE_DIR=/opt/rustwide/workdir" "-e" "CARGO_TARGET_DIR=/opt/rustwide/target" "-e" "CARGO_INCREMENTAL=0" "-e" "RUST_BACKTRACE=full" "-e" "RUSTFLAGS=--cap-lints=forbid" "-e" "CARGO_HOME=/opt/rustwide/cargo-home" "-e" "RUSTUP_HOME=/opt/rustwide/rustup-home" "-w" "/opt/rustwide/workdir" "-m" "1610612736" "--user" "0:0" "--network" "none" "ghcr.io/rust-lang/crates-build-env/linux@sha256:20528e8c29e4536546f0102ce88568b16ea7538393a33fcca951030f7af10457" "/opt/rustwide/cargo-home/bin/cargo" "+ff34b919075f35a1787659e9c448a34b06bab8de" "build" "--frozen" "--message-format=json", kill_on_drop: false }`
[INFO] [stdout] 935b4a47dc4cec0e39ade2d409ba8459dbf44969cc0d0499e2d381c83ae86c42
[INFO] [stderr] WARNING: Your kernel does not support swap limit capabilities or the cgroup is not mounted. Memory limited without swap.
[INFO] running `Command { std: "docker" "start" "-a" "935b4a47dc4cec0e39ade2d409ba8459dbf44969cc0d0499e2d381c83ae86c42", kill_on_drop: false }`
[INFO] [stderr]    Compiling libc v0.2.79
[INFO] [stderr]    Compiling syn v1.0.45
[INFO] [stderr]    Compiling autocfg v1.0.1
[INFO] [stderr]    Compiling log v0.4.11
[INFO] [stderr]    Compiling cc v1.0.61
[INFO] [stderr]    Compiling futures-core v0.3.6
[INFO] [stderr]    Compiling arc-swap v0.4.7
[INFO] [stderr]    Compiling openssl v0.10.30
[INFO] [stderr]    Compiling native-tls v0.2.4
[INFO] [stderr]    Compiling serde v1.0.117
[INFO] [stderr]    Compiling futures-task v0.3.6
[INFO] [stderr]    Compiling futures-sink v0.3.6
[INFO] [stderr]    Compiling serde_json v1.0.59
[INFO] [stderr]    Compiling encoding_rs v0.8.24
[INFO] [stderr]    Compiling dtoa v0.4.6
[INFO] [stderr]    Compiling http v0.2.1
[INFO] [stderr]    Compiling tracing-core v0.1.17
[INFO] [stderr]    Compiling quote v1.0.7
[INFO] [stderr]    Compiling futures-channel v0.3.6
[INFO] [stderr]    Compiling indexmap v1.6.0
[INFO] [stderr]    Compiling want v0.3.0
[INFO] [stderr]    Compiling tracing v0.1.21
[INFO] [stderr]    Compiling openssl-sys v0.9.58
[INFO] [stderr]    Compiling iovec v0.1.4
[INFO] [stderr]    Compiling net2 v0.2.35
[INFO] [stderr]    Compiling num_cpus v1.13.0
[INFO] [stderr]    Compiling signal-hook-registry v1.2.1
[INFO] [stderr]    Compiling socket2 v0.3.15
[INFO] [stderr]    Compiling mio v0.6.22
[INFO] [stderr]    Compiling mio-uds v0.6.8
[INFO] [stderr]    Compiling http-body v0.3.1
[INFO] [stderr]    Compiling tokio-macros v0.2.5
[INFO] [stderr]    Compiling pin-project-internal v0.4.27
[INFO] [stderr]    Compiling serde_derive v1.0.117
[INFO] [stderr]    Compiling tokio v0.2.22
[INFO] [stderr]    Compiling pin-project v0.4.27
[INFO] [stderr]    Compiling futures-util v0.3.6
[INFO] [stderr]    Compiling tokio-util v0.3.1
[INFO] [stderr]    Compiling tokio-tls v0.3.1
[INFO] [stderr]    Compiling h2 v0.2.6
[INFO] [stderr]    Compiling serde_urlencoded v0.6.1
[INFO] [stderr]    Compiling hyper v0.13.8
[INFO] [stderr]    Compiling hyper-tls v0.4.3
[INFO] [stderr]    Compiling reqwest v0.10.8
[INFO] [stderr]    Compiling harperdb v1.0.0 (/opt/rustwide/workdir)
[INFO] [stderr]     Finished dev [unoptimized + debuginfo] target(s) in 1m 11s
[INFO] running `Command { std: "docker" "inspect" "935b4a47dc4cec0e39ade2d409ba8459dbf44969cc0d0499e2d381c83ae86c42", kill_on_drop: false }`
[INFO] running `Command { std: "docker" "rm" "-f" "935b4a47dc4cec0e39ade2d409ba8459dbf44969cc0d0499e2d381c83ae86c42", kill_on_drop: false }`
[INFO] [stdout] 935b4a47dc4cec0e39ade2d409ba8459dbf44969cc0d0499e2d381c83ae86c42
[INFO] running `Command { std: "docker" "create" "-v" "/var/lib/crater-agent-workspace/builds/worker-3/target:/opt/rustwide/target:rw,Z" "-v" "/var/lib/crater-agent-workspace/builds/worker-3/source:/opt/rustwide/workdir:ro,Z" "-v" "/var/lib/crater-agent-workspace/cargo-home:/opt/rustwide/cargo-home:ro,Z" "-v" "/var/lib/crater-agent-workspace/rustup-home:/opt/rustwide/rustup-home:ro,Z" "-e" "SOURCE_DIR=/opt/rustwide/workdir" "-e" "CARGO_TARGET_DIR=/opt/rustwide/target" "-e" "CARGO_INCREMENTAL=0" "-e" "RUST_BACKTRACE=full" "-e" "RUSTFLAGS=--cap-lints=forbid" "-e" "CARGO_HOME=/opt/rustwide/cargo-home" "-e" "RUSTUP_HOME=/opt/rustwide/rustup-home" "-w" "/opt/rustwide/workdir" "-m" "1610612736" "--user" "0:0" "--network" "none" "ghcr.io/rust-lang/crates-build-env/linux@sha256:20528e8c29e4536546f0102ce88568b16ea7538393a33fcca951030f7af10457" "/opt/rustwide/cargo-home/bin/cargo" "+ff34b919075f35a1787659e9c448a34b06bab8de" "test" "--frozen" "--no-run" "--message-format=json", kill_on_drop: false }`
[INFO] [stdout] b1c1c35d890519778a7ee9824ccf1a91b0a23018ab6b4710af6b121fa7a703fb
[INFO] [stderr] WARNING: Your kernel does not support swap limit capabilities or the cgroup is not mounted. Memory limited without swap.
[INFO] running `Command { std: "docker" "start" "-a" "b1c1c35d890519778a7ee9824ccf1a91b0a23018ab6b4710af6b121fa7a703fb", kill_on_drop: false }`
[INFO] [stderr]    Compiling proc-macro-error-attr v1.0.4
[INFO] [stderr]    Compiling proc-macro-error v1.0.4
[INFO] [stderr]    Compiling extend v0.1.2
[INFO] [stderr]    Compiling assert-json-diff v1.1.0
[INFO] [stderr]    Compiling harperdb v1.0.0 (/opt/rustwide/workdir)
[INFO] [stdout] error[E0432]: unresolved import `harperdb_sdk_rust`
[INFO] [stdout]  --> tests/common.rs:1:5
[INFO] [stdout]   |
[INFO] [stdout] 1 | use harperdb_sdk_rust::{Harper, HarperConfig};
[INFO] [stdout]   |     ^^^^^^^^^^^^^^^^^ use of undeclared crate or module `harperdb_sdk_rust`
[INFO] [stdout] 
[INFO] [stdout] 
[INFO] [stdout] error: aborting due to previous error
[INFO] [stdout] 
[INFO] [stdout] 
[INFO] [stdout] For more information about this error, try `rustc --explain E0432`.
[INFO] [stdout] 
[INFO] [stderr] error: could not compile `harperdb`
[INFO] [stderr] 
[INFO] [stderr] To learn more, run the command again with --verbose.
[INFO] [stderr] warning: build failed, waiting for other jobs to finish...
[INFO] [stdout] error[E0432]: unresolved import `harperdb_sdk_rust`
[INFO] [stdout]  --> examples/harperdb.rs:1:5
[INFO] [stdout]   |
[INFO] [stdout] 1 | use harperdb_sdk_rust::{ HarperConfig, Harper };
[INFO] [stdout]   |     ^^^^^^^^^^^^^^^^^ use of undeclared crate or module `harperdb_sdk_rust`
[INFO] [stdout] 
[INFO] [stdout] 
[INFO] [stdout] error[E0432]: unresolved import `harperdb_sdk_rust`
[INFO] [stdout]  --> examples/harperdb.rs:2:5
[INFO] [stdout]   |
[INFO] [stdout] 2 | use harperdb_sdk_rust as harper;
[INFO] [stdout]   |     ^^^^^^^^^^^^^^^^^^^^^^^^^^^ no external crate `harperdb_sdk_rust`
[INFO] [stdout] 
[INFO] [stdout] 
[INFO] [stdout] error[E0432]: unresolved import `harperdb_sdk_rust`
[INFO] [stdout]  --> tests/harperdb.rs:1:5
[INFO] [stdout]   |
[INFO] [stdout] 1 | use harperdb_sdk_rust as harper;
[INFO] [stdout]   |     ^^^^^^^^^^^^^^^^^^^^^^^^^^^ no external crate `harperdb_sdk_rust`
[INFO] [stdout] 
[INFO] [stdout] 
[INFO] [stdout] error[E0432]: unresolved import `harperdb_sdk_rust`
[INFO] [stdout]  --> tests/common.rs:1:5
[INFO] [stdout]   |
[INFO] [stdout] 1 | use harperdb_sdk_rust::{Harper, HarperConfig};
[INFO] [stdout]   |     ^^^^^^^^^^^^^^^^^ use of undeclared crate or module `harperdb_sdk_rust`
[INFO] [stdout] 
[INFO] [stdout] 
[INFO] [stdout] error: aborting due to 2 previous errors
[INFO] [stdout] 
[INFO] [stdout] 
[INFO] [stdout] For more information about this error, try `rustc --explain E0432`.
[INFO] [stdout] 
[INFO] [stdout] error: aborting due to 2 previous errors
[INFO] [stdout] 
[INFO] [stdout] 
[INFO] [stdout] For more information about this error, try `rustc --explain E0432`.
[INFO] [stdout] 
[INFO] [stderr] error: build failed
[INFO] running `Command { std: "docker" "inspect" "b1c1c35d890519778a7ee9824ccf1a91b0a23018ab6b4710af6b121fa7a703fb", kill_on_drop: false }`
[INFO] running `Command { std: "docker" "rm" "-f" "b1c1c35d890519778a7ee9824ccf1a91b0a23018ab6b4710af6b121fa7a703fb", kill_on_drop: false }`
[INFO] [stdout] b1c1c35d890519778a7ee9824ccf1a91b0a23018ab6b4710af6b121fa7a703fb
